ite number?
False
Is 1741762871 composite?
False
Is 710940991 a prime number?
True
Is 524892367 a composite number?
False
Is 421432049 a prime number?
True
Is 151657905493 a prime number?
True
Is 23501953949 a prime number?
False
Is 186481553 composite?
True
Is 4469460451 a prime number?
False
Is 97151861881 prime?
True
Is 1840698007 prime?
False
Is 165136857 a prime number?
False
Is 22403372867 a prime number?
True
Is 2002058777 a prime number?
True
Is 20145543329 a prime number?
True
Is 24136256527 a composite number?
False
Is 8816917583 a prime number?
True
Is 5175851179 a prime number?
False
Is 5666893909 a composite number?
False
Is 135635560873 a composite number?
True
Is 78842341 prime?
False
Is 12191146921 prime?
True
Is 19215111194 a prime number?
False
Is 32627012893 a composite number?
True
Is 184099941979 composite?
False
Is 5507187583 a composite number?
False
Is 396277161743 a composite number?
True
Is 27794027 a prime number?
False
Is 75734130613 composite?
False
Is 25563295751 a prime number?
False
Is 40868869709 composite?
False
Is 28253561581 a composite number?
True
Is 83832766781 a composite number?
False
Is 1990208541 composite?
True
Is 1063446947 a prime number?
True
Is 656581427 a prime number?
True
Is 32897964643 prime?
False
Is 238121239 prime?
True
Is 216812936153 composite?
True
Is 48534001409 prime?
True
Is 33437108749 composite?
True
Is 116643599 composite?
False
Is 421633183 composite?
False
Is 3886094383 a composite number?
False
Is 273560447571 composite?
True
Is 9603029959 prime?
True
Is 2426804249 composite?
False
Is 1058210557 composite?
False
Is 29196056633 a prime number?
True
Is 1754089541 a composite number?
False
Is 293338613 composite?
True
Is 14922706213 prime?
True
Is 10084510673 composite?
False
Is 2853508213 prime?
True
Is 21572090689 composite?
False
Is 2495350535 prime?
False
Is 26422186591 a composite number?
False
Is 4466848603 composite?
True
Is 7892479783 a composite number?
True
Is 21593429573 a prime number?
False
Is 38470335243 composite?
True
Is 1008717247 a prime number?
True
Is 253666227403 a prime number?
False
Is 1832471197 composite?
False
Is 1640472835 prime?
False
Is 101939695953 a composite number?
True
Is 33029676571 prime?
True
Is 1560819613 a composite number?
True
Is 290579231 prime?
False
Is 1557322139 composite?
False
Is 21536661539 composite?
True
Is 18890445809 a composite number?
True
Is 11354511977 a prime number?
True
Is 119763706987 a prime number?
False
Is 105019987 prime?
False
Is 11306574937 a prime number?
False
Is 45262241371 a composite number?
False
Is 1582985099 composite?
True
Is 860289077 composite?
False
Is 10022041699 a prime number?
True
Is 6979366963 prime?
False
Is 298080691 a composite number?
False
Is 1569159379 prime?
False
Is 2896279859 a prime number?
False
Is 618331303 a composite number?
True
Is 695530579 prime?
False
Is 2803406747 prime?
True
Is 128371888079 composite?
False
Is 82618399082 a prime number?
False
Is 12301075795 composite?
True
Is 1575684511 a prime number?
True
Is 13015880531 composite?
True
Is 3755344899 composite?
True
Is 240209062139 prime?
False
Is 10347148213 a prime number?
True
Is 218853582505 a prime number?
False
Is 711777851 a prime number?
False
Is 6973276649 composite?
True
Is 4472435893 a prime number?
False
Is 335580263 a prime number?
True
Is 75556663153 a composite number?
True
Is 78700559 prime?
False
Is 203952977 a prime number?
False
Is 6253375991 a prime number?
False
Is 66541383647 a composite number?
False
Is 57262007513 a prime number?
False
Is 48460079 a prime number?
True
Is 150223565159 a prime number?
True
Is 767771369 a prime number?
True
Is 53384533 a prime number?
True
Is 99185819 composite?
False
Is 20063289403 composite?
True
Is 13911506423 a prime number?
True
Is 208641707 a composite number?
True
Is 579425321 composite?
False
Is 21889221037 a prime number?
True
Is 1707612737 a prime number?
True
Is 12751198279 prime?
False
Is 4911899449 prime?
False
Is 517787269 prime?
True
Is 57628072147 prime?
False
Is 1844548835 composite?
True
Is 454040647 a prime number?
True
Is 21044052817 composite?
True
Is 503981557 a prime number?
True
Is 12974149733 a prime number?
False
Is 1401995809 a prime number?
False
Is 422375321 a prime number?
True
Is 173599695037 a prime number?
False
Is 760954279 a prime number?
False
Is 117928289 prime?
False
Is 3790019573 composite?
True
Is 25134457 prime?
False
Is 482784583 a composite number?
False
Is 2563380769 a composite number?
True
Is 14396469863 a composite number?
True
Is 3371066471 a prime number?
False
Is 160747135 a composite number?
True
Is 60385402697 prime?
True
Is 1228940671 a prime number?
False
Is 2227952683 prime?
False
Is 290592503 a prime number?
False
Is 7888599311 prime?
True
Is 104030623 prime?
False
Is 4214244439 a composite number?
True
Is 16511367809 prime?
True
Is 7550690753 a composite number?
False
Is 11514501407 composite?
False
Is 19892979001 a prime number?
False
Is 132075257 a composite number?
True
Is 7147474787 prime?
False
Is 9835030109 prime?
True
Is 5373984271 a prime number?
False
Is 3199437741 a prime number?
False
Is 1080588701 prime?
True
Is 44026799507 a composite number?
True
Is 84302669999 composite?
False
Is 2120317519 a prime number?
True
Is 1746201777 a prime number?
False
Is 1677993026 prime?
False
Is 93095147219 composite?
False
Is 28591119653 prime?
False
Is 158408997497 prime?
True
Is 37789549703 a composite number?
False
Is 41223621499 a prime number?
True
Is 11491468841 a prime number?
True
Is 3687929657 a prime number?
False
Is 133465799 prime?
True
Is 432504263 a composite number?
True
Is 318264416066 a composite number?
True
Is 258814293 a prime number?
False
Is 301881079 a composite number?
False
Is 35018339 a prime number?
False
Is 22879589071 composite?
False
Is 1079651455 a composite number?
True
Is 421248671 prime?
True
Is 17240664083 prime?
True
Is 2858345537 a prime number?
True
Is 1283366177 composite?
True
Is 4025878019 composite?
False
Is 8226881761 a prime number?
False
Is 1530181103 composite?
True
Is 176233559 a composite number?
False
Is 51542062927 composite?
False
Is 2171811683 composite?
True
Is 40493771863 a composite number?
False
Is 1572965731 a composite number?
True
Is 301562801 prime?
False
Is 531526399 prime?
True
Is 325294391 prime?
True
Is 433222885061 composite?
False
Is 6467699951 composite?
False
Is 16339644991 a composite number?
False
Is 402940159 a prime number?
False
Is 60354103 a prime number?
True
Is 154228237439 prime?
True
Is 546615527 composite?
True
Is 10807742399 a composite number?
False
Is 1043611319 composite?
False
Is 70711429 a composite number?
True
Is 57095362277 prime?
False
Is 12987772199 prime?
False
Is 129521401 a composite number?
True
Is 13752355679 prime?
False
Is 23639386081 a prime number?
False
Is 6471460351 composite?
False
Is 6135932863 a prime number?
False
Is 49889317817 prime?
False
Is 51722227 a composite number?
True
Is 34825582013 prime?
True
Is 8334960839 a prime number?
False
Is 3220667858 a prime number?
False
Is 1388078437 prime?
True
Is 5054927791 a composite number?
False
Is 16512662597 a composite number?
True
Is 3625815191 composite?
False
Is 73542885121 a composite number?
False
Is 24300771661 prime?
False
Is 2934060067 prime?
False
Is 9515183943 a composite number?
True
Is 129227947 a composite number?
False
Is 262099967 prime?
False
Is 3498899839 a prime number?
False
Is 34125862493 prime?
True
Is 22690463 a composite number?
False
Is 799636303 a prime number?
True
Is 2756195369 composite?
False
Is 647548963 composite?
False
Is 54316895089 prime?
True
Is 40392163153 composite?
True
Is 1077087719 a composite number?
False
Is 51412290533 prime?
True
Is 696095159 composite?
True
Is 4108924051 a composite number?
False
Is 19626455683 composite?
True
Is 8455008509 prime?
True
Is 2568851839 composite?
False
Is 180187995227 prime?
True
Is 5204546353 prime?
True
Is 42323953547 a composite number?
False
Is 30154885505 prime?
False
Is 17445599809 composite?
True
Is 639925583 a prime number?
False
Is 3571409561 prime?
False
Is 1094018309 a prime number?
False
Is 1461809809 composite?
True
Is 37525829249 a composite number?
False
Is 3684804649 prime?
Tr